--
-- Host: localhost    Database: map_platform_staging
-- ------------------------------------------------------


--
-- Table structure for table `layers`
--

CREATE TABLE `layers` (
  `id` int(11) NOT NULL AUTO_INCREMENT,
  `title` varchar(255) DEFAULT NULL,
  `subtitle` varchar(255) DEFAULT NULL,
  `map_id` int(11) DEFAULT NULL,
  `public` tinyint(1) DEFAULT NULL,
  `created_at` datetime DEFAULT NULL,
  `updated_at` datetime DEFAULT NULL,
  PRIMARY KEY (`id`)
) ENGINE=InnoDB AUTO_INCREMENT=11 DEFAULT CHARSET=latin1;

--
-- Dumping data for table `layers`
--

INSERT INTO `layers` VALUES (1,'hamburg handel (oder commerzial) ','Pfeffersäcke, Kaffeetüten und Bananenkisten - Hafen, Handel und Arbeitsrechte',1,0,'2011-11-15 19:47:09','2011-11-24 21:57:36'),(2,'hamburg postkolonial ','Kaiserkult, Kolonialflair und Kokosnüsse Spuren der Hamburger Kolonialvergangenheit',1,0,'2011-11-24 21:50:54','2011-11-24 21:57:36'),(3,'hamburg multidimensional','Interkulturelles, Bio-Deutsche und Global Passports - Migration und Rassismus in der Einwanderungsstadt',1,0,'2011-11-24 21:57:36','2011-11-24 21:57:36'),(4,'hamburg energie','Kohle, Uran und der Wind - Vom Kraftwerk über das Klima bis zur Sonne',1,0,'2011-11-24 21:57:36','2011-11-24 21:57:36'),(5,'Sklavenhandel','',3,0,'2011-11-30 16:54:08','2011-11-30 16:54:08'),(6,'Kolonialflair heute','',3,0,'2011-11-30 16:54:08','2011-11-30 16:54:08'),(7,'Basis Ebene','(Automatisch angelegt)',6,0,'2011-12-05 20:29:19','2011-12-05 20:29:19'),(8,'Basis Ebene','(Automatisch angelegt)',7,0,'2011-12-05 20:29:45','2011-12-05 20:29:45'),(9,'Basis Ebene','(Automatisch angelegt)',8,0,'2011-12-08 15:27:30','2011-12-08 15:27:30'),(10,'Basis Ebene','(Automatisch angelegt)',9,0,'2011-12-23 16:10:13','2011-12-23 16:10:13');

--
-- Table structure for table `maps`
--

CREATE TABLE `maps` (
  `id` int(11) NOT NULL AUTO_INCREMENT,
  `title` varchar(255) DEFAULT NULL,
  `subtitle` varchar(255) DEFAULT NULL,
  `description` text,
  `site_id` int(11) DEFAULT NULL,
  `public` tinyint(1) DEFAULT NULL,
  `created_at` datetime DEFAULT NULL,
  `updated_at` datetime DEFAULT NULL,
  PRIMARY KEY (`id`)
) ENGINE=InnoDB AUTO_INCREMENT=10 DEFAULT CHARSET=latin1;

--
-- Dumping data for table `maps`
--

INSERT INTO `maps` VALUES (1,'hamburg multidimensional','Interkulturelles, Bio-Deutsche und Global Passports','Migration und Rassismus in der Einwanderungsstadt',1,0,'2011-11-15 19:47:09','2011-12-02 09:38:14'),(3,'hamburg postkolonial','Kokosnüsse, Kaiserkult und Kolonialflair','Wo ehrte Hamburg noch vor wenigen Jahren einen der größten Menschenhändler seiner Zeit? Welche Spuren der Kolonialvergangenheit lassen sich heute noch in der Stadt finden? Und wie geht man mit ihnen um?',1,0,'2011-11-24 17:29:36','2012-01-27 12:59:33'),(6,'hamburg commercial','Pfeffersäcke, Kaffeetüten und Bananenkisten','',1,0,'2011-12-05 20:29:19','2011-12-05 20:29:19'),(7,'hamburg energie','Kohle, Uran und der Wind','',1,0,'2011-12-05 20:29:45','2011-12-05 20:29:45'),(8,'hamburg militaria','Tamm, Kanonen und die Piraten','Militär und Rüstung made in Hamburg\r\n',1,0,'2011-12-08 15:27:30','2011-12-08 15:27:30'),(9,'TEST ','','',1,0,'2011-12-23 16:10:13','2011-12-23 16:10:13');

--
-- Table structure for table `pages`
--

CREATE TABLE `pages` (
  `id` int(11) NOT NULL AUTO_INCREMENT,
  `title` varchar(255) DEFAULT NULL,
  `subtitle` varchar(255) DEFAULT NULL,
  `content` text,
  `site_id` int(11) DEFAULT NULL,
  `public` tinyint(1) DEFAULT NULL,
  `created_at` datetime DEFAULT NULL,
  `updated_at` datetime DEFAULT NULL,
  PRIMARY KEY (`id`)
) ENGINE=InnoDB DEFAULT CHARSET=latin1;

--
-- Dumping data for table `pages`
--


--
-- Table structure for table `placemarks`
--

CREATE TABLE `placemarks` (
  `id` int(11) NOT NULL AUTO_INCREMENT,
  `title` varchar(255) DEFAULT NULL,
  `subtitle` varchar(255) DEFAULT NULL,
  `content` text,
  `comment` text,
  `image` varchar(255) DEFAULT NULL,
  `category_id` int(11) DEFAULT NULL,
  `source` varchar(255) DEFAULT NULL,
  `url` varchar(255) DEFAULT NULL,
  `geo_relation` varchar(255) DEFAULT NULL,
  `lat` varchar(255) DEFAULT NULL,
  `lon` varchar(255) DEFAULT NULL,
  `address` varchar(255) DEFAULT NULL,
  `district` varchar(255) DEFAULT NULL,
  `zip` varchar(255) DEFAULT NULL,
  `city` varchar(255) DEFAULT NULL,
  `user_id` int(11) DEFAULT NULL,
  `layer_id` int(11) DEFAULT NULL,
  `public` tinyint(1) DEFAULT NULL,
  `created_at` datetime DEFAULT NULL,
  `updated_at` datetime DEFAULT NULL,
  `teaser` text,
  `published_at` date DEFAULT NULL,
  `image_credit` varchar(255) DEFAULT NULL,
  `creator` varchar(255) DEFAULT NULL,
  PRIMARY KEY (`id`)
) ENGINE=InnoDB AUTO_INCREMENT=29 DEFAULT CHARSET=latin1;

--
-- Dumping data for table `placemarks`
--

INSERT INTO `placemarks` VALUES (12,'„Kupfer ist treu“','Über den sorglosen Umgang der Kirche St. Michaelis mit der Kolonialvergangenheit','„Aus Hamburg starben für Kaiser und Reich“, so beginnt der Text auf der Gedenktafel in der Kirche St. Michaelis. Aufgelistet sind dort – geordnet nach „China“ und „Afrika“ - die Namen von Männern, die vor über 100 Jahren antikoloniale Aufstände bekämpfen sollten: Die Matrosen Heinrich Goedecke und Heinrich Bading etwa fielen am 22. Juni 1900 bei der Erstürmung des Forts Shiku in China. Rudolf Jobst, Reiter der Schutztruppe, starb am 16. Mai 1904 in einem Ort namens Otjihaenena im damaligen Deutsch-Südwestafrika. Willy Kramkau fiel im August 1905 im Gefecht bei Lugongwe im damaligen Deutsch-Ostafrika. „Ehre ihrem Andenken“ endet der Text auf der Tafel.\r\nNach Informationen des derzeitigen Hauptpastors, Alexander Röder, hatte man sie 1912 angebracht, nachdem die Kirche nach dem Brand von 1906 wiederaufgebaut und in Gegenwart des Kaisers wieder geweiht wurde.\r\n\r\nDas Eine Welt Netzwerk Hamburg bemängelt, dass es so gut wie keine Diskussion in der Gemeinde oder in der Stadt darüber gibt, was diese Tafel bedeutet und wie man mit ihr umgehen will. Im Sommer 2011 hat es den Hauptpastor aufgefordert, endlich eine Debatte in der Gemeinde über den Umgang mit dieser Tafel zu führen. Geschehen ist, soweit bekannt, nichts.\r\nRöder antwortete zwar, dass man sich „völlig einig“ darüber sei, dass die Verbrechen, die in der Kolonialgeschichte an Menschen verübt worden seien, in keiner Weise gerechtfertigt werden könnten und aus heutiger Sicht verurteilt werden müssten. Gleichwohl schrieb er: „Die Menschen, die auf den Tafeln in St. Michaelis namentlich genannt sind, verdienen ebenso eine (kritische) Würdigung wie die Opfer der Kriege und Kolonialpolitik, deren Rechte Sie einklagen. Es sind Menschen, um die Familien damals hier in Hamburg getrauert haben, weil sie im Verlauf dieser Kriege gestorben sind, und schon darum ist die Nennung ihrer Namen kein Affront gegen die Opfer in China und Afrika oder ihre Nachfahren.“\r\n\r\nNach Ansicht des Eine Welt Netzwerks Hamburg übersieht der Hauptpastor, dass die Täter keine Opfer sind, weil sie in weit entfernten Regionen, die man unterwerfen und ausbeuten wollte, einem Vernichtungskrieg führten. Vor allem aber unterschlägt er die Tatsache, dass die Opfer und Nachfahren in St. Michaelis bis zum heutigen Tag weder erwähnt noch gewürdigt werden.\r\n\r\nDie Nachfahren von Opfern und Überlebenden haben – bis heute – mit der unabgeschlossenen Vergangenheit zu tun. Sie kämpfen um Entschuldigung, Entschädigung und um die Rückgabe von Geraubtem, wie etwa die Gebeine der Verwandten, die bis heute in deutschen Museen liegen. [1] \r\n\r\nJohanna Kahatjipara gehörte im Herbst 2011 zu einer Delegation aus Namibia, die zwanzig geraubte Gebeine abholte, die die Berliner Charité nach über 100 Jahren zurückgab. In einem Interview sagte sie: “It is painful thoughts to know that my ancestors were treated in the most undignified manner, that they were so traumatised and scared and yet they were also brave to have brought us up. I sometimes ask myself how does it feel to be thirsty without water? How does it feel to die from poisoned water? What kind of poison was it? So many questions run through my mind but there are no replies.”\r\nKahatjipara ist Mitglied im Technical Committee for the Ovaherero Traditional Chiefs on the Ovaherero/Ovambanderu Council for Dialogue on the 1904 Genocide (OCD-1904). Im Interview berichtet sie weiter: “My family is connected to the Skullls in that my grandmother\'s uncle was also hanged and beheaded. My grandmother Auguste Kavetjurura-Kahatjipara was also confined to a concentration camp and made to wear a medal pass around her neck like a dog together with her first born half German daughter, my aunt Metha Kavetjurura.” [2]\r\n\r\n„Innerhalb der Deutschen Grenze wird jeder Herero mit und ohne Gewehr, mit oder ohne Vieh erschossen, ich nehme keine Weiber und Kinder mehr auf, treibe sie zu ihrem Volke zurück oder lasse auf sie schießen“, so der Kommandeur der kaiserlich deutschen Schutztruppe in Deutsch-Südwestafrika Lothar von Trotha 1904.\r\nDieser Vernichtungskrieg der Deutschen kostete schätzungsweise 80 Prozent der Herero das Leben. Bis heute fordern die Nachfahren der Überlebenden Reparationen und Entschädigungen von der Bundesrepublik Deutschland und deutschen Unternehmen wie etwa der Deutschen Bank. Ende 2011 wurden endlich die Gebeine aus der Berliner Charité von Opfern des Völkermordes und der Konzentrationslager, die die deutschen Truppen in Deutsch-Südwestafrika unterhielten, zurückgegeben. Sie waren zu „Forschungszwecken“ nach Berlin gebracht worden. Zuvor hatten Gefangene die Schädel ihrer Angehörigen mit Glasscherben reinigen müssen.\r\n\r\nAm Michel hängt übrigens ein nicht zu übersehendes Schild der Firma Aurubis, die so großzügig die Kosten für die Sanierung des Kupferdachs übernommen hat. Die Aktiengesellschaft zählt zu den größten Kupferproduzenten weltweit. Unter dem Namen firmiert das Unternehmen zwar erst seit 2009, doch seine Geschichte ragt weit in die deutsche Kolonialzeit hinein: Die Situation der Herero verschärfte sich, als 1900 die „Otavi-Minen-und Eisenbahn-Gesellschaft“ gegründet wurde. [3] \r\nAn diesem deutsch-britischen Konsortium waren auch Kaufleute und Banken aus Hamburg beteiligt, etwa die Norddeutsche Bank. In der Region Otavi waren Kupfervorkommen entdeckt worden, die abgebaut und per Zug zum Hafen – mitten durch das Herero-Gebiet - transportiert werden sollten. Land beiderseits der Bahnlinie sowie die Wasserrechte sollten unentgeltlich abgetreten werden.\r\nMänner, Frauen und Kinder mussten die Strecke in Zwangsarbeit bauen. Auf ihr wurde später Kupfererz transportiert – Hauptabnehmer war die Norddeutsche Affinerie. Auch während der Apartheid behielt sie ihre Beteiligung an der Otavi Minen AG und verkaufte sie erst 1989, als Namibia nach über 100 Jahren unabhängig wurde. Seit 2008 und der Übernahme des Kupferproduzenten Cumerio durch die Norddeutsche Affinerie AG firmiert das Unternehmen unter dem Namen Aurubis AG.\r\n\r\nDer Slogan „Kupfer ist treu“ mit dem Hamburger Stadtwappen sei also „nicht nur eine leere Worthülse“, heißt es auf der Webseite der Kirche St. Michaelis und spielt damit auf die mehrmalige Unterstützung in Kupferfragen an. (http://www.st-michaelis.de/index.php?id=662) Diese großherzige Unterstützung wie auch das Motto „Kupfer ist treu“ bekommen angesichts der Geschichte dieser Firma und des Umgangs der Kirche mit der Kolonialvergangenheit, gelinde gesagt, einen schalen Beigeschmack.\r\n\r\nAndere Soldaten, die auf der Gedenktafel im Michel erwähnt sind, starben im Krieg der deutschen Kolonialtruppen gegen die Menschen aus dem heutigen Tanzania und aus China, die sich gegen Kolonisierung und Vertreibung wehrten:\r\n„Pardon wird nicht gegeben, Gefangene werden nicht gemacht. Nie wieder soll es ein Chinese wagen, einen Deutschen auch nur scheel anzusehen“, so die Worte Kaiser Wilhelms II. in seiner „Hunnenrede“, als sich im Sommer 1900 seine Marinetruppen von Hamburg und Wilhelmshaven nach China aufmachten. Seit 1898 sah Deutschland die Kiatschou-Bucht mit Tsingtau als ihr Reich an. Gegen das kolonial-imperiale Vorgehen, vor allem gegen die christliche Missionierung, rebellierte die „Bewegung der Verbände für Gerechtigkeit und Harmonie“ und später auch die chinesische Zentralregierung. Deutsche Soldaten in den alliierten Truppen verübten in Strafexpeditionen Massaker an der chinesischen Zivilbevölkerung, sie vergewaltigten und plünderten.\r\n\r\nDer Krieg im Süden „Deutsch-Ostafrikas“, dem heutigen Tanzania, war eine der größten Erhebungen gegen die Kolonialisten und ihre afrikanisch-arabischen Verbündeten und sollte mehr als zwei Jahre dauern. Vor über 100 Jahren, am 20. Juli 1905 rissen mehrere Frauen und Männer die verhassten Baumwollsträucher aus der Erde. Diese unscheinbare Tat bedeutete eine Kriegserklärung an die deutschen Kolonialherren. Es folgten weitere Attacken auf kleinere Städte entlang der Handelsroute im Hinterland der Küstenstadt Kilwa, auf Plantagenbesitzer und Missionarsstationen. Das deutsche Kolonialregime antwortete mit einer Terror-Politik der „verbrannten Erde“ gegen die Bevölkerung: Ernten wurden vernichtet oder beschlagnahmt, Frauen vergewaltigt, so genannte Rädelsführer aufgehängt und ganze Dörfer niedergebrannt. Der Zaubertrank Maji-Maji, nach dem der Krieg später benannt wurde, half den Kämpfern nicht. Der Heiler Kinjikitile hatte zuvor eine Nachricht verbreitet, wonach die Medizin maji, das in Swahili Wasser bedeutet, die Kugeln der Feinde wie Regentropfen von den Kriegern abperlen lassen würde.\r\n\r\nDer tansanische Historiker Gilbert Gwassa schätzt, dass zwischen 250.000 und 300.000 Menschen, ein Drittel der Bevölkerung, ums Leben gekommen sind. (Felicitas Becker und Jigal Beez (Hg.): Der Maji-Maji-Krieg in Deutsch-Ostafrika 1905–1907. Ch. Links Verlag, Berlin 2005) Im Gegensatz dazu seien nur 15 weiße Europäer gestorben. In den Jahren vor dem Krieg war es unter dem Gouverneur Gustav Adolf Graf von Goetzen zu neuen oder verschärften Verordnungen und Steuern gekommen: Zwangsarbeit auf Baumwoll- und Sisalplantagen, Kopfsteuer, in Ketten gelegte Feldarbeiterinnen, Schläge mit der Nilpferdpeitsche und dem Bambusstock, Steuer auf selbstgebrautes Bier, Landenteignung und eine Jagd- und Wildschutzverordnung, die viele traditionelle Jagdgewohnheiten der Ostafrikaner verbot. Auch der Schulzwang für Kinder, den Missionare durchzusetzen versuchten, zog den Zorn vieler Einheimischer auf sich.\r\n\r\n\"www.ewnw.de\":http://www.ewnw.de\r\n\r\nFußnoten:\r\n\r\nfn1. \"Pressemitteilung Versöhnung .... vom 28.9.2011 (PDF)\":http://www.ewnw.de/sites/default/files/2011-09-28_pm_versoehnung-braucht-entschaedigung.pdf\r\nabgerufen am 24.11.2011 \r\n\r\nfn2. \"link\":http://www.africavenir.org/news-archive/newsdetails/browse/1/datum/2011/09/23/interview-with-johanna-kahatjipara-on-the-occasion-the-repatriation-of-the-mortal-remains-of-herero.html?tx_ttnews[backPid]=12&cHash=8013ebd733a5205e5397487d643cfc34\r\nabgerufen am 24.11.2011\r\n\r\nfn3. \"link\":S. 64ff in Heiko Möhle: Pardon wird nicht gegeben: Aufständische Afrikaner und hanseatische Kriegsgewinnler. In: Heiko Möhle (Hg.): Branntwein, Bibeln und Bananen. Der deutsche Kolonialismus in Afrika – Eine Spurensuche in Hamburg, Verlag Assoziation A, 1999.','','DSC_0013.JPG',NULL,'Heiko Möhle (Hg.): Branntwein, Bibeln und Bananen. Der deutsche Kolonialismus in Afrika – Eine Spurensuche in Hamburg, Verlag Assoziation A, 1999','www.ewnw.de','Namibia, Tanzania, China','53.54848','9.978590','Englische Planke 1 ','Neustadt','20459','Hamburg-Mitte, Hamburg',3,5,0,'2011-12-08 13:35:39','2012-01-27 14:53:11','In der St. Michaelis-Kirche – dem Michel und Wahrzeichen Hamburgs – befinden sich mehrere Gedenktafeln. Eine erinnert an Soldaten aus Hamburg, die in Deutschlands Kolonialkriegen starben. Das Eine Welt Netzwerk Hamburg sowie andere Initiativen und Einzelpersonen kritisieren seit vielen Jahren, dass diese Tafel immer noch hängt bzw. dass sie unkommentiert bleibt. Sie empfinden diese Art der Gedenkkultur als aggressiv. Sie sei peinlich für eine Stadt, die sich weltoffen gibt und unpassend für eine Kirche, die laut Eigenwerbung, die „gesellschaftliche Auseinandersetzung an- und aufnehmen“ und „plural bleiben“ möchte. Vor allem aber sei sie ein Affront gegen die afrikanischen und chinesischen Opfer des deutschen Kolonialismus und ihrer Nachfahren.\r\nÜbrigens: Das neue Kupferdach der Kirche hat die Aurubis AG gesponsert. Ihr Vorläufer bezog vor über 100 Jahren Otavi-Kupfer aus der Kolonie Deutsch-Südwestafrika und stieg auch während der Apartheid nie aus dem Geschäft aus – erst 1989, als Namibia unabhängig wurde.\r\n\r\n','2011-12-08','Daniel Wellmann, EWNW-Archiv','Anke Schwarzer'),(13,'Humana','sdad','dasdasd','',NULL,NULL,'','','','53.55117','9.948393','Große Bergstraße 139-143  Hamburg','Altona-Altstadt','22767','Altona, Hamburg',3,7,0,'2011-12-08 13:40:01','2011-12-08 13:40:01','sdasdasd','2011-12-08','','Viviane Petrescu'),(14,'Sloman-Haus','','','',NULL,NULL,'','','Chile','53.54448','9.982705','Baumwall 3 ','Neustadt','20459','Hamburg-Mitte, Hamburg',3,5,0,'2011-12-08 13:42:29','2011-12-08 13:42:29','','2011-12-08','','Anke Schwarzer'),(15,'Laeisz-Halle','','','',NULL,NULL,'','','Chile','53.55511','9.980180','Johannes-Brahms-Platz ','Neustadt','20355','Hamburg-Mitte, Hamburg',3,5,0,'2011-12-08 13:46:23','2011-12-08 13:46:23','Hamburger Reeder Carl Heinrich Laeisz','2011-12-08','','Anke Schwarzer'),(16,'Dead by Law','Das Institut für Rechtsmedizin am Universitätskrankenhaus Eppendorf','Es dauerte lange, bis der Leichnam bestattet wurde. Der Tote mit dem Namen Achidi John lag viele Monate in der Kühlhalle des Friedhofs Hamburg-Öjendorf. Der junge Mann starb am 12. Dezember 2001, nachdem ihm drei Tage zuvor Ipecacuanha-Sirup und fast ein Liter Wasser in den Magen gepumpt worden waren. Die Hamburger Polizei hatte ihn am Hauptbahnhof festgenommen, weil sie gesehen habe, wie er weiße Kügelchen geschluckt haben soll. Telefonisch genehmigte ein Staatsanwalt im Eilverfahren den Brechmitteleinsatz, an dessen Folgen John letztlich verstarb.\r\n\r\nErst die Künstler rund um den Verein „Brothers Keepers“ ermittelten, wo genau der Tote aufgewachsen war. Sie fanden heraus, dass der Tote nicht aus Kamerun, sondern aus Nigeria stammte, dass er nicht Achidi John, sondern Michael Uzodinma Nwabuisi hieß: Im Sommer 2000, kurz bevor sein Visum auslief, hatte er seinen Pass entsorgt und in Hamburg Asyl beantragt – als 19jähriger John aus Kamerun. Die „Brothers Keepers“ sammelten Geld, überführten den toten Körper, beerdigten ihn gemeinsam mit der Familie und traten als Nebenkläger in einem Verfahren auf, das nie vor Gericht kam. Trotz zahlreicher Strafanzeigen hatte die Staatsanwaltschaft Hamburg im Jahr 2002 ein Ermittlungsverfahren abgelehnt, weil „kein Anfangsverdacht strafbaren Handelns“ bestanden habe.\r\n\r\n„Tatsache ist, dass Paul Nwabuisi unmittelbar durch die Maßnahme der Prof. Lockemann und ihrer polizeilichen Helfer – eindeutig ein Verstoß gegen die Antifolterkonvention - zu Tode gekommen ist. Deutlicher kann der Anfangsverdacht für eine strafbare Handlung nicht sein. Wenn die Staatsanwaltschaft sich seit Dezember 2001 weigert, ihren gesetzlichen Aufgaben nachzukommen, muss nach dem Grund gefragt werden. Naheliegend ist, dass sich die Hamburger Staatsanwaltschaft mit der Entscheidung im Zustand der Selbstverteidigung befindet. Denn die Anordnung zum – auch gewaltsamen – Brechmitteleinsatz kam von ihr, obwohl die Hamburger Ärztekammer diese Einsätze längst aus medizinischen und ethischen Gründen abgelehnt hatte“, so die Anwälte der Familie Nwabuisi, Gabriele Heinecke und Martin Klingner, in einer Pressemitteilung vom Oktober 2002. ( http://www.google.de/url?sa=t&rct=j&q=dead%20by%20law%20brechmittel&source=web&cd=1&ved=0CB8QFjAA&url=http%3A%2F%2Fwww.brechmitteleinsatz.de%2Fpresse%2FPK%2520231002.pdf&ei=nOjhTuvFNcbFtAax1s2RBA&usg=AFQjCNGpiUW8vk7On5sCMD2ahlknJe051Q&cad=rja\r\n)\r\n\r\nAn jenem Dezembertag 2001, als Polizeibeamte Nwabuisi ins Hamburger Universitätsklinikums Eppendorf brachten, hatte die junge Professorin Ute Lockemann am Institut für Rechtsmedizin Dienst. Obwohl Nwabuisi zuvor zusammengesackt war, wollte sie ihm einen langen Plastikschlauch durch die Nase schieben, geht aus den Unterlagen zur Klageerzwingung von 2002 hervor. (http://www.brechmitteleinsatz.de/presse/klageerzwingung.pdf)  Weil er Angst hatte und sich wehrte, drückten ihn Polizeibeamte auf den Boden, fesselten ihn an Füßen und Händen, versuchten, sein Gesicht zu fixieren – eingequetscht zwischen den Oberschenkeln eines Polizisten. Die drei Beamten forderten Verstärkung an. Offenbar unbeirrt von dieser Situation, presste die Rechtsmedizinerin dann ein drittes Mal den Schlauch durch das Nasenloch. Nwabuisi röchelte, aber erbrach sich nicht. Dann bewegte er sich nicht mehr und verlor die Kontrolle über seine Blase.\r\nMinutenlang lag Nwabuisi da, gefesselt, regungslos, fast ohne Puls. Eine Medizinstudentin soll dann nach dem Puls gefühlt haben. Schließlich wurde der Notarzt gerufen. Später wird es in einem Gutachten heißen, eine Herzkrankheit habe zu Nwabuisis Tod geführt. Dieses stammte von Volkmar Schneider, dem damaligen Direktor des Instituts für Rechtsmedizin der Berliner Charité. Zu einem ähnlichen Urteil sollte er auch 2005 im Falle eines weiteren Opfers der Brechmittelfolter in Bremen gelangen.\r\n\r\nÜber 40 Kügelchen holte man Nwabuisi aus dem Magen – insgesamt etwa fünf Gramm Crack. Dafür wäre er zu Arbeitsauflagen oder zu einer Jugendstrafe von etwa zehn Monaten auf Bewährung verurteilt worden. Dies hatte damals eine Anfrage der Ärztekammer Hamburg beim Straf- und Jugendgericht ergeben. Sie wollte damit die Unverhältnismäßigkeit der Mittel aufzeigen. Noch im Oktober, wenige Monate vor dem Tod durch staatliche und ärztliche Gewalt, hatte das Ärztegremium einstimmig festgestellt, dass die Vergabe von Brechmitteln gegen den Willen des Betroffenen nicht zu vertreten sei und dass kein Arzt – von welcher Seite auch immer – dazu gezwungen werden dürfe, sich an solchen polizeilichen Maßnahmen zu beteiligen.\r\nNoch deutlicher äußerte sich einige Jahre später der Europäische Gerichtshof für Menschenrechte (EGMR) in Straßburg. Die zwangsweise Vergabe von Brechmitteln sei „unmenschlich“, „erniedrigend“ und verstoße gegen das Folterverbot, entschied es 2006. Deutschland musste damals einem Kokain-Dealer aus Köln ein Schmerzensgeld in Höhe von 10000 Euro zahlen.\r\n\r\nBrechmittel zum Zwecke der Beweissicherung hatte die rot-grüne Koalition im Sommer 2001 eingeführt – auf Drängen des damaligen Innensenators und heutigen Ersten Bürgermeisters, Olaf Scholz (SPD). Auch die Grünen waren daran beteiligt. Krista Sager (GAL) war damals Zweite Bürgermeisterin und sagte am 6. Juli 2001 in der Hamburger Morgenpost: „Es handelt sich um einen intelligenten Mix aus Hilfsangeboten und repressiven Maßnahmen, an dem wir konstruktiv beteiligt waren.“ Zudem handele es sich um einen mexikanischen Brechsirup, der keine gesundheitlichen Schäden hervorrufe. http://www.mopo.de/news/konzept-gegen-die-drogenszene-in-st--georg-vorgestellt--neue-hauptbahnhofwache--mehr-polizei--neuer-fixerraum--scholz-ueberholt-schill--brechmittel-gegen-dealer,5066732,6069678.html, abgerufen 9.12.2011\r\nDamals standen Bürgerschaftswahlen an. Innere Sicherheit, Drogenkriminalität, Recht und Ordnung waren viel diskutierte Themen. Noch dazu schickte sich die neu gegründete Schill-Partei an, viele Wählerstimmen zu gewinnen. Der gern als besonnener Hanseat porträtierte Ole von Beust zeigte keinen Skrupel, mit seiner CDU eine Koalition mit der rechten Partei einzugehen, die von dem als „Richter Gnadenlos“ bekannten Ronald Schill angeführt wurde. Schill selbst sollte später als mutmaßlicher Kokainkonsument in die Schlagzeilen geraten.\r\n\r\nBis Sommer 2003 genehmigte die Staatsanwaltschaft Hamburg fast 300 Brechmitteleinsätze im Eilverfahren, also ohne dass ein Richter darüber befand. In über 80 Prozent der Falle waren junge Männer mit schwarzer Hautfarbe betroffen.\r\nS. 7 in Hendrik Theismann: Die rechtliche Zulässigkeit einer zwangsweisen Verabreichung von Emetika. Logos Verlag Berlin, 2008.\r\nhttp://books.google.de/books?id=ww1QgE7_u0UC&pg=PA6&lpg=PA6&dq=brechmittel+senatsdrucksache&source=bl&ots=T33TRJgX0Q&sig=JpiRFMGhdBbefT5nlaHxOTCDqQA&hl=de&ei=KILDTpXtJunf4QT97-2vDQ&sa=X&oi=book_result&ct=result&resnum=9&ved=0CFEQ6AEwCA#v=onepage&q&f=false\r\n\r\nAuch der zweite Versuch, Nwabuisis Tod vor Gericht zu bringen, scheiterte. Nach dem Straßburger Urteil von 2006 hatte die Hamburger „Kampagne gegen Brechmitteleinsätze“ bei der damaligen Generalbundesanwältin Monika Harms eine Strafanzeige gestellt. http://www.fluechtlingsrat-hamburg.de/content/Strafanzeige_aktuell_Brechmittel_191006.pdf\r\nEs ging um Anstiftung zur Nötigung, zur gefährlichen Körperverletzung und zur Körperverletzung im Amt. Dessen bezichtigt wurden eine Reihe ranghoher Politiker: Scholz als ehemaliger Innensenator, seine Nachfolger Schill und Udo Nagel, die ehemalige Justizsenatorin Lore Maria Peschel-Gutzeit (SPD) und deren Nachfolger Roger Kusch und Carsten-Ludwig Lüdemann (beide CDU). Außerdem angezeigt wurden unbekannte Hamburger Polizeibeamte und Staatsanwälte beim Landgericht Hamburg sowie der Leiter des Instituts für Rechtsmedizin der Universitätsklinik Eppendorf, eine Mitarbeiterin des Instituts und unbekannte Ärzte.\r\nAus der Vielzahl der Brechmitteleinsätze – seit dem Todesfall im Dezember 2001 gab es weitere 400 registrierte Fälle – ergebe sich eine „Gefahr für die innere Sicherheit der Bundesrepublik Deutschland“, heißt es in der Strafanzeige von 2006. In der Begründung, die von zahlreiche Rechtsanwälten unterzeichnet wurde, ist zudem zu lesen: „Es handelt sich hier um eine Form organisierter Regierungskriminalität, der mit der Befassung strafbaren Verhaltens im üblichen Rahmen der gesetzlich vorgesehenen Zuständigkeiten nicht beizukommen ist“. Und weiter: „Die Hamburger Staatsanwaltschaft hat bei allen Brechmitteleinsätzen mitgewirkt. Sie ist daher nicht das geeignete Strafverfolgungsorgan für Ermittlungen in dieser Angelegenheit.“ Trotz des Urteils des EGMR sah sich die Generalbundesanwältin nicht für den Fall zuständig. Die Generalstaatsanwaltschaft Hamburg schließlich nahm die Strafanzeige nicht an. Kein Wunder – sie hätte dann gegen sich selbst ermitteln müssen.\r\n\r\nVon einer juristischen Aufarbeitung des Falles Nwabuisi ist man weit entfernt. Auch eine kritische Auseinandersetzung in der Politik und in Polizeikreisen mit der menschenrechtswidrigen Praxis des Brechmitteleinsatzes lässt auf sich warten. Immerhin verzichten seit dem Straßburger Urteil die Bundesländer, die Brechmittel eingesetzt haben, auf die zwangsweise Vergabe von Brechmitteln, darunter Berlin, Bremen, Niedersachsen und Nordrhein-Westfalen. Hamburg wiederum zögerte nach dem Urteil noch einige Wochen, bis es schließlich auch aufhörte, mutmaßlichen Drogenhändlern Brechmittel gewaltsam einzuflößen. Und heute? „In den letzten Jahren wurde nach unserer Kenntnis auch kein Brechmittel mehr auf freiwilliger Basis verabreicht“, sagte dazu ein Sprecher der Justizbehörde Hamburg im November 2011 auf Anfrage. Zu den Gründen dafür befragt, heißt es aus der Innenbehörde: „Die ‚offene Drogenszene’, die es in Hamburg als einziger deutscher Großstadt in dieser Art und Weise und in diesem Umfang gab, ist zerschlagen.“ Dies sei unter anderem der intensiven Polizeiarbeit zu verdanken, die hier einen Schwerpunkt gesetzt habe, so die Behörde.\r\nDie Formen des Drogenhandels hätten sich verändert, die Zahl der Süchtigen sei aber unverändert, so Experten. „Heute können wir kaum noch eine Szeneballung erkennen, junge Menschen sind mobiler in vielerlei Hinsicht, etwa was die Kommunikation betrifft oder die Orte, an denen sie sich aufhalten“, sagt Burkhard Czarnitzki, der Leiter von Kids, einer Anlaufstelle für Straßenkinder, zur Entwicklung der Drogenszene in Hamburg. Peter Möller, Leiter der Drogenberatungsstelle „Drob Inn“ weist allerdings darauf hin, dass die Zahl der Suchtkranken in den vergangenen zehn Jahren in etwa konstant geblieben sei. Insofern gehe er davon aus, dass auch eine ähnliche Stoffmenge wie früher gehandelt werden müsse. Heute werde jedoch weniger in der S-Bahn und an einschlägigen Plätzen gedealt, sondern eher im Verborgenen. „Wir sehen keinen Anhaltspunkt, dass die Zahlen zurückgehen“, betont auch der Psychologe Marcus-Sebastian Martens, Mitarbeiter am Zentrum für Interdisziplinäre Suchtforschung der Universität Hamburg. Das dürfte auch dem Direktor der Rechtsmedizin an der Klinik Eppendorf, Klaus Püschel, ein großer Verfechter der Brechmitteleinsätze, nicht entgangen sein. Schließlich bekommt er die Hamburger Drogentoten auf den Seziertisch gelegt.\r\n\r\nWeitere Informationen:\r\nhttp://www.brechmitteleinsatz.de/\r\n\r\nevtl. noch was zu leserbriefen….','','800px-UKE_Entrance.jpg',NULL,'','','Nigeria','53.59219','9.971200','Butenfeld 34  Hamburg','Lokstedt','22529','Eimsbüttel, Hamburg',3,1,0,'2011-12-09 12:11:18','2012-01-18 21:26:18','Vor über zehn Jahren starb Michael Uzodinma Nwabuisi in Hamburg an den Folgen der Brechmittelfolter. Diese wurde fast ausschließlich bei jungen Männern mit schwarzer Hautfarbe angeordnet und stets im Institut für Rechtsmedizin am Universitätskrankenhaus Eppendorf (UKE). Die Verantwortlichen mussten sich nie einem Verfahren stellen. Viele Jahre protestierten die Ärztekammer Hamburg, WissenschaftlerInnen, AnwältInnen und antirassistische Initiativen gegen diese lebensbedrohende Folter-Behandlung. Mittlerweile wird auf den zwangsweisen Einsatz von Brechmitteln in Hamburg verzichtet. Eine kritische Aufarbeitung hat staatlicherseits jedoch nie stattgefunden.','2011-12-20','University Medical Clinic Hamburg Eppendorf','Anke Schwarzer'),(17,'Schwarze Häftlinge im KZ Neuengamme','','Text folgt','','neuengamme.JPG',NULL,'','','','53.42756','10.22643','Jean-Dolidier-Weg 75  Hamburg','Neuengamme','21039','Bergedorf, Hamburg',3,5,0,'2011-12-16 12:57:24','2011-12-30 15:26:28','Unter den Häftlingen im KZ Neuengamme, die aus den besetzten Ländern deportiert worden waren, befanden sich auch einige Schwarze/People of Color. Die meisten westeuropäischen Staaten waren in den 1940er Jahren noch Kolonialmächte mit einer Bevölkerung aus den überseeischen Kolonien und Protektoraten. Männer aus der Einwanderungsbevölkerung meldeten sich freiwillig zur Armee, um den deutschen Angriff zurück zuschlagen, Frauen und Männer gingen in den Untergrund und waren Teil der antifaschistischen Widerstandsbewegungen im linken oder bürgerlichen Spektrum. Die Nationalsozialisten be- und misshandelten diese Personen einerseits wie die weißen Landsleute als politische Gegner, andererseits waren sie, wie schon vorher, dem kolonialen Rassismus gegen Schwarze oder Araber ausgesetzt.\r\nUnter den Neuengammer Schwarzen Häftlingen waren, so weit bisher bekannt, keine Schwarzen Deutschen. ',NULL,'Elisabeth Mena Urbitsch','Rosa Fava'),(18,'test ort mit bild','','','','default_map_image_01.png',NULL,'','','','','','','','','',1,10,0,'2011-12-23 16:10:41','2011-12-23 16:10:41','',NULL,'test',''),(20,'Heute schon geflogen?','Der Hamburg Airport in Fuhlsbüttel wächst und wächst','\r\n\r\n\r\n','','432567_web_R_by_saschay2k_pixelio.de.jpg',NULL,'','','Amerikas, Asien, Afrika, Australien, Ozeanien','53.63076','10.00516','Flughafen Hamburg (HAM) Flughafenstraße 1-3, 22335 Hamburg','','','Fuhlsbüttel, Hamburg',3,8,0,'2011-12-28 21:12:24','2011-12-30 11:15:24','Geschäftsleute fliegen nach Shanghai, UrlauberInnen auf die Kanaren und die Kapverdischen Inseln, TouristInnen aus New York, St. Petersburg und Marseille landen auf dem Hamburg Airport. Der internationale Flughafen der Stadt Hamburg ist der fünftgrößte Flughafen Deutschlands. Betreiber ist die Flughafen Hamburg GmbH. Die Gesellschafter sind zu 51 Prozent die Freie und Hansestadt Hamburg und zu 49 Prozent die Hochtief AirPort. PolitikerInnen und Geschäftwelt feiern neue Direktverbindungen, freuen sich über den wachsenden Flugverkehr. Über die Emissionen der Jets reden sie allerdings wenig. Der mit dem Ausbau des Hamburg Airport verbundene Anstieg von Treibhausgasen macht möglicherweise Einsparungen an anderer Stelle, etwa im Bereich Immobilien und Industrie zunichte. Die Folgen des Klimawandels wie steigender Meeresspiegel und sich verändernde Wetterverhältnisse wirken sich vor allem auf Länder des Südens aus. Anders als Hamburg, das seine Deiche erhöht hat, können sich etwa Bangladesh, Ägypten, die Malediven und Inselgruppen im Pazifischen Ozean nur unzureichende Schutzmaßnahmen leisten – in manchen Fällen wären sie auf Dauer gar nutzlos, da einige Gebiete in wenigen Jahrzehnten überflutet sein werden. ','2012-01-05','saschay2k/pixelio.de','Anke Schwarzer'),(21,'\"Südseehaus\"','Ein altes Kontorgebäude in Hamburgs Einkaufsmeile','','','527432_web_R_K_B_by_Lisa_Schwarz_pixelio.de.jpg',NULL,'','','Ozeanien','53.55163','10.00359','Mönckebergstraße 8, Barkhof','Hamburg-Altstadt','20095','Hamburg-Mitte, Hamburg',3,5,0,'2011-12-30 11:34:55','2011-12-30 15:37:13','',NULL,'Lisa Schwarz/pixelio.de','Anke Schwarzer'),(22,'bild test','','','','42358.png',NULL,'','','','','','','','','',1,10,0,'2012-01-16 14:49:25','2012-01-16 16:56:48','',NULL,'test',''),(23,'Weder Bosporus noch Aladin','Die Nazi-Terror-Gruppe NSU soll den türkischen Gemüsehändler erschossen haben','Text folgt\r\n\r\n\"Angesichts der Kontinuität terroristischer Aktivitäten von Rechtsextremisten über Jahrzehnte, appellieren wir ausnahmslos an alle Bürgerinnen und Bürger dieser Entwicklung Einhalt zu gebie­ten!\r\nWir fordern,\r\n\r\n    dass alle Mordfälle schnellstmöglich aufgeklärt werden und alle Beteiligten zur Verantwor­tung gezogen werden,\r\n    das Verbot von V-Leuten in der NPD, als Vorbedingung eines Verbots einer Partei, die zu Gewalttaten auffordert und\r\n    die Durchführung einer systematischen und großangelegten Kampagne gegen Rechtsext­remismus und Rassismus, die erklärend und präventiv wirken soll und auch Repressalien im Blick hat. Dabei müssen auch soziale Netzwerke und soziale Medien im Internet mit einbezogen werden.\r\n\r\nAnsprachen von:\r\n\r\nHüseyin Yilmaz, Türkische Gemeinde Hamburg\r\nUwe Grund, DGB\r\nTraute Springer-Yakar, VVN-BdA\r\nJörn Menge, Laut gegen Nazis\r\n\r\nKontakt:\r\nUnternehmer ohne Grenzen e.V.\r\nKazim Abaci, Geschäftsführer\r\nTel.: 040/43 18 30 63, Email: k.abaci@uog-ev.de; www.unternehmer-ohne-grenzen.de\r\n\r\nTürkische Gemeinde in Hamburg e.V.\r\nHarald Winkels, Geschäftsführer\r\nTel.: 040/413 66 09-0/-13, Email: Harald.Winkels@TGHamburg.de; www.TGHamburg.de\r\n\r\nDownload: 2011-11-17_pm_aufruf-zum-schweigemarsch_final.pdf\r\n\r\nMord an der Schützenstraße\r\n15.07.2006, 00:00 Uhr\r\n\r\nSüleyman T. wurde 21 Jahre alt - dann starb der bis dahin unauffällig lebende Obst- und Gemüsehändler am 29. August 2001 vormittags zwischen 10.45 Uhr und 11.15 Uhr in seinem Geschäft an der Schützenstraße (Bahrenfeld) durch drei Schüsse in den Kopf. Wie sich schnell herausstellte, stammten auch in diesem Fall die Kugeln aus der Pistole, mit der bislang acht weitere Kleinunternehmer getötet wurden. Alle Taten geschahen tagsüber. Die Opfer waren alle kleine Unternehmer, die sich untereinandern nicht kannten. Sie kamen in ihren Geschäften ums Leben, als sie allein waren. \"Wir haben es mit Profis zu tun, die kaltblütig vorgehen\", sagt Chefermittler Wolfgang Geier. Für Hinweise zur Ergreifung der Täter ist mittlerweile eine ungewöhnlich hohe Belohnung von 300 000 Euro ausgelobt worden. Dennoch haben die Ermittler trotz jahrelanger intensiver Arbeit die Hintergründe der Mordserie bislang kaum aufhellen können. Getötet wurden:\r\n\r\nam 9. September 2000 ein 38jähriger Blumenhändler in Nürnberg, der im hessischen Schlüchtern einen Blumengroßhandel betrieb,\r\n\r\nam 13. Juni 2001 ein 48 Jahre alter Inhaber einer Änderungsschneiderei in Nürnberg,\r\n\r\nnach dem Mord in Bahrenfeld ein 38jähriger Gemüsehändler in München (29. August 2001),\r\n\r\nam 25. Februar 2004 ein 25jähriger Dönerverkäufer in Rostock,\r\n\r\nam 9. Juni 2005 ein 50jähriger Dönerbudenbesitzer in Nürnberg,\r\n\r\nam 15. Juni 2005 ein 41jähriger Mitinhaber eines Schlüsseldienstes in München,\r\n\r\nam 4. April dieses Jahres ein Kiosk-Inhaber (39) in Dortmund,\r\n\r\nnur zwei Tage danach ein 21jähriger Betreiber eines Internetcafes in Kassel.cd\r\n','','DSC00100.JPG',NULL,'','','Türkei, Griechenland','53.56254','9.928821','Schützenstraße 39 ','Bahrenfeld','22761','Altona, Hamburg',3,1,0,'2012-01-18 19:30:23','2012-01-18 19:54:09','Zahlreiche Organisationen, unter anderem die Türkische Gemeinde in Hamburg, Unter­nehmer ohne Grenzen und der Verein Laut gegen Nazis haben am 19. November 2011 zum Schweigemarsch in Altona aufgerufen. Mehrere hundert Menschen gedachten dem Gemüsehändler Süleyman T., der am 29. August 2001 von Nazis ermordet worden war. Sie erinnerten auch an die vielen anderen Opfer rechter Gewalt.',NULL,'Anke Schwarzer',''),(24,'Ramazan Avci','1985 ermordeten rechte Skinheads den jungen Türken. Eine Gedenkinitiative möchte den Tatort in Ramazan-Avci-Platz umbenennen.','http://jungle-world.com/artikel/2010/51/42332.html\r\n\r\n','','DSC04136.JPG',NULL,'','','Türkei','53.56126','10.03751','Landwehr 39 22087 Hamburg','Eilbek','22089','Wandsbek, Hamburg',3,1,0,'2012-01-18 20:56:44','2012-01-18 21:29:53','Ramazan Avc? (* 1959; † 24. Dezember 1985) war ein in Hamburg lebender Türke, der von Jugendlichen aus der rechten Skinheadszene getötet wurde. Die Tat gilt als eines der ersten von Angehörigen der rechtsextremen Szene in der Bundesrepublik Deutschland verübten Morde. Sie stand, zusammen mit dem Fall des 29-jährigen Türken Mehmet Kaymakc?, der wenige Monate zuvor ebenfalls von rechten Skinheads in Hamburg mit einer Betonplatte erschlagen worden war, am Anfang einer Reihe ähnlicher Taten und erhielt große mediale Aufmerksamkeit auch im Ausland.',NULL,'',''),(25,'Janusz-Korczak-Schule','Anschlag auf die Grundschule Bullenhuser Damm','folgt','','797px-Bullenhuserdamm.JPG',NULL,'','','','53.54208','10.04778','Bullenhuser Damm 92  Hamburg','Rothenburgsort','20539','Hamburg-Mitte, Hamburg',3,1,0,'2012-01-18 21:00:35','2012-01-18 21:09:35',' - Grundschule , Hamburg\r\nhieß vor 1971 Volksschule Bullenhuser Damm und vor 1980 Hauptschule Bullenhuser Damm\r\n\r\nein Sprengstoffanschlag auf die Janusz-Korczak-Schule Ende April 1980 in Hamburg, bei dem zwei Personen verletzt wurden',NULL,'User Dragan70 on de.wikipedia',''),(26,'Brandanschlag auf Flüchtlingsheim','In Billbrook starben die beiden Vietnamesen Ngoc Nguyen und Anh Lan Do','folgt','',NULL,NULL,'','','Vietnam','53.51829','10.09365','Bredowstraße 34  Hamburg','Billbrook','22113','Hamburg-Mitte, Hamburg',3,1,0,'2012-01-18 21:14:56','2012-01-18 21:15:20','Am 22. August 1980 starben die beiden Vietnamesen Ngoc Nguyen und Anh Lan Do nach einem Brandanschlag der Deutschen Aktionsgruppen um Manfred Roeder auf ein Hamburger Übergangsheim für Flüchtlinge.\r\n\r\nAchtung Straße noch unklar!!!!!!!!!\r\n',NULL,'',''),(27,'Hansa-Port','Woher kommt die Kohle?','','',NULL,NULL,'','','Kolumbien','53.51696','9.935102','Am Sandauhafen 17  ','Altenwerder','21129','Hamburg',3,8,0,'2012-01-18 21:17:52','2012-01-18 21:21:23','Europas größter Kohlehafen',NULL,'','Daniel K. Manwire'),(28,'Mehmet Kaymakci','Mehmet Kaymakci','Mehmet Kaymakci','',NULL,NULL,'','','Türkei','53.55320','10.02455','Berliner Tor 20097 Hamburg','Berlinertordamm','20099','St. Georg, Hamburg',3,1,0,'2012-01-18 21:38:57','2012-01-18 21:39:14','Mehmet Kaymakci\r\nOrt unklar!!!!!!!!!!',NULL,'','');

--
-- Table structure for table `roles`
--

CREATE TABLE `roles` (
  `id` int(11) NOT NULL AUTO_INCREMENT,
  `name` varchar(40) DEFAULT NULL,
  `authorizable_type` varchar(40) DEFAULT NULL,
  `authorizable_id` int(11) DEFAULT NULL,
  `created_at` datetime DEFAULT NULL,
  `updated_at` datetime DEFAULT NULL,
  PRIMARY KEY (`id`)
) ENGINE=InnoDB AUTO_INCREMENT=3 DEFAULT CHARSET=latin1;

--
-- Dumping data for table `roles`
--

INSERT INTO `roles` VALUES (1,'admin',NULL,NULL,'2011-11-15 19:47:09','2011-11-15 19:47:09'),(2,'user',NULL,NULL,'2011-11-15 19:47:09','2011-11-15 19:47:09');

--
-- Table structure for table `roles_users`
--

CREATE TABLE `roles_users` (
  `user_id` int(11) DEFAULT NULL,
  `role_id` int(11) DEFAULT NULL,
  `created_at` datetime DEFAULT NULL,
  `updated_at` datetime DEFAULT NULL
) ENGINE=InnoDB DEFAULT CHARSET=latin1;

--
-- Dumping data for table `roles_users`
--

INSERT INTO `roles_users` VALUES (1,1,NULL,NULL),(2,2,NULL,NULL),(3,1,NULL,NULL),(4,1,NULL,NULL),(5,2,NULL,NULL),(6,2,NULL,NULL),(7,2,NULL,NULL);

--
-- Table structure for table `schema_migrations`
--

CREATE TABLE `schema_migrations` (
  `version` varchar(255) NOT NULL,
  UNIQUE KEY `unique_schema_migrations` (`version`)
) ENGINE=InnoDB DEFAULT CHARSET=latin1;

--
-- Dumping data for table `schema_migrations`
--

INSERT INTO `schema_migrations` VALUES ('20100112112109'),('20100112113722'),('20100113111836'),('20111108155701'),('20111108155830'),('20111108155952'),('20111108160134'),('20111108160350'),('20111202184729'),('20111202185014');

--
-- Table structure for table `sites`
--

CREATE TABLE `sites` (
  `id` int(11) NOT NULL AUTO_INCREMENT,
  `title` varchar(255) DEFAULT NULL,
  `subtitle` varchar(255) DEFAULT NULL,
  `description` text,
  `user_id` int(11) DEFAULT NULL,
  `created_at` datetime DEFAULT NULL,
  `updated_at` datetime DEFAULT NULL,
  PRIMARY KEY (`id`)
) ENGINE=InnoDB AUTO_INCREMENT=2 DEFAULT CHARSET=latin1;

--
-- Dumping data for table `sites`
--

INSERT INTO `sites` VALUES (1,'Basis Site',NULL,NULL,NULL,'2011-11-15 19:47:09','2011-11-15 19:47:09');


